n 1640379 is divided by 70?
69
Calculate the remainder when 181362 is divided by 434.
384
Calculate the remainder when 780595 is divided by 1881.
1861
What is the remainder when 26717184 is divided by 894?
888
What is the remainder when 5915267 is divided by 953?
949
What is the remainder when 7770865 is divided by 10?
5
Calculate the remainder when 4248323 is divided by 849664.
3
What is the remainder when 6711365 is divided by 129064?
37
What is the remainder when 640570762 is divided by 320285378?
6
Calculate the remainder when 40793617 is divided by 20.
17
What is the remainder when 14100375 is divided by 145?
140
Calculate the remainder when 808010 is divided by 403870.
270
What is the remainder when 178764 is divided by 42790?
7604
What is the remainder when 19854658 is divided by 7096?
50
What is the remainder when 743698 is divided by 370?
368
Calculate the remainder when 4569913 is divided by 2637.
2629
What is the remainder when 829932 is divided by 141?
6
What is the remainder when 70294 is divided by 4876?
2030
Calculate the remainder when 23270112 is divided by 3879.
3870
Calculate the remainder when 5904399 is divided by 464.
463
Calculate the remainder when 2587260 is divided by 11448.
12
Calculate the remainder when 1601205 is divided by 252.
249
Calculate the remainder when 75116 is divided by 74848.
268
Calculate the remainder when 780060 is divided by 289.
49
Calculate the remainder when 270304 is divided by 29990.
394
What is the remainder when 1056448 is divided by 176058?
100
Calculate the remainder when 7863447 is divided by 587.
582
Calculate the remainder when 3712038 is divided by 132571.
50
What is the remainder when 644576 is divided by 114?
20
Calculate the remainder when 463199 is divided by 5385.
89
What is the remainder when 38960006 is divided by 274?
220
Calculate the remainder when 2420100 is divided by 7832.
12
Calculate the remainder when 819536 is divided by 1324.
1304
What is the remainder when 72272 is divided by 18057?
44
What is the remainder when 14903 is divided by 13168?
1735
What is the remainder when 220652 is divided by 110320?
12
Calculate the remainder when 78089940 is divided by 44802.
54
What is the remainder when 25738 is divided by 8427?
457
What is the remainder when 506066 is divided by 33723?
221
What is the remainder when 20589736 is divided by 20589668?
68
What is the remainder when 854900 is divided by 382?
366
What is the remainder when 209157 is divided by 398?
207
What is the remainder when 46907367 is divided by 3908946?
15
What is the remainder when 29626326 is divided by 90?
36
Calculate the remainder when 55737477 is divided by 19.
8
What is the remainder when 7469 is divided by 5984?
1485
What is the remainder when 2292578 is divided by 1354?
256
Calculate the remainder when 27369819 is divided by 10.
9
What is the remainder when 2491501 is divided by 3413?
11
Calculate the remainder when 2226012 is divided by 92.
72
What is the remainder when 27557 is divided by 13551?
455
Calculate the remainder when 36050837 is divided by 5176.
5173
Calculate the remainder when 632588 is divided by 1318.
1266
What is the remainder when 6447585 is divided by 1611892?
17
What is the remainder when 143883 is divided by 821?
208
Calculate the remainder when 24647504 is divided by 13.
11
Calculate the remainder when 2663621 is divided by 128.
69
Calculate the remainder when 10053116 is divided by 205165.
31
What is the remainder when 536311 is divided by 16759?
23
Calculate the remainder when 1371007 is divided by 3589.
9
Calculate the remainder when 167434 is divided by 3595.
2064
What is the remainder when 53299 is divided by 4810?
389
Calculate the remainder when 10965524 is divided by 25.
24
Calculate the remainder when 8699915 is divided by 1739962.
105
Calculate the remainder when 12436088 is divided by 318874.
2
What is the remainder when 70496242 is divided by 1092?
1090
Calculate the remainder when 1114024 is divided by 4456.
24
What is the remainder when 1317423 is divided by 186?
171
Calculate the remainder when 530348 is divided by 1612.
0
What is the remainder when 312954 is divided by 5880?
1314
Calculate the remainder when 2466967 is divided by 8420.
8327
What is the remainder when 1635270 is divided by 117?
78
Calculate the remainder when 5185059 is divided by 204.
195
What is the remainder when 2746946 is divided by 5895?
5771
What is the remainder when 10886853 is divided by 1400?
453
Calculate the remainder when 2155585 is divided by 71812.
1225
What is the remainder when 1054036 is divided by 11843?
9
What is the remainder when 6225656 is divided by 345863?
122
What is the remainder when 281280 is divided by 425?
355
What is the remainder when 269701 is divided by 1617?
1279
Calculate the remainder when 34012715 is divided by 654090.
35
Calculate the remainder when 508332460 is divided by 523.
518
Calculate the remainder when 68922 is divided by 3823.
108
What is the remainder when 6070959 is divided by 242838?
9
Calculate the remainder when 3456588 is divided by 162.
156
Calculate the remainder when 51814 is divided by 8058.
3466
Calculate the remainder when 1392779 is divided by 248.
11
What is the remainder when 31228388 is divided by 37?
18
Calculate the remainder when 187149 is divided by 622.
549
What is the remainder when 23433 is divided by 11492?
449
What is the remainder when 143964236 is divided by 28?
24
Calculate the remainder when 1626141 is divided by 624.
621
What is the remainder when 221684 is divided by 4926?
14
Calculate the remainder when 264333723 is divided by 7.
3
What is the remainder when 228917 is divided by 76274?
95
Calculate the remainder when 322381 is divided by 1005.
781
What is the remainder when 67125 is divided by 66191?
934
Calculate the remainder when 1740380 is divided by 49.
47
What is the remainder when 60978541 is divided by 96?
13
What is the remainder when 12977154 is divided by 125?
29
Calculate the remainder when 1646771 is divided by 11052.
23
What is the remainder when 104748342 is divided by 935253?
6
What is the remainder when 250570 is divided by 1712?
618
What is the remainder when 11807531 is divided by 609?
239
Calculate the remainder when 3062609 is divided by 765651.
5
Calculate the remainder when 2048679 is divided by 1149.
12
Calculate the remainder when 5603 is divided by 3895.
1708
Calculate the remainder when 35591924 is divided by 628.
24
What is the remainder when 1913100 is divided by 700?
0
Calculate the remainder when 105452 is divided by 21033.
287
What is the remainder when 163462 is divided by 1177?
1036
What is the remainder when 19503151 is divided by 844?
843
Calculate the remainder when 928723 is divided by 121.
48
What is the remainder when 6572172 is divided by 531?
516
What is the remainder when 38807 is divided by 38721?
86
What is the remainder when 42462147 is divided by 58?
57
What is the remainder when 71428 is divided by 5935?
208
What is the remainder when 12619 is divided by 3902?
913
Calculate the remainder when 2194488 is divided by 182874.
0
Calculate the remainder when 29825529 is divided by 40.
9
What is the remainder when 430590030 is divided by 6624462?
0
What is the remainder when 23173558 is divided by 503771?
92
What is the remainder when 96134 is divided by 11875?
1134
What is the remainder when 6161474 is divided by 2318?
230
Calculate the remainder when 93303108 is divided by 69.
66
Calculate the remainder when 18265941 is divided by 225.
216
Calculate the remainder when 2435778 is divided by 46839.
150
What is the remainder when 4262107 is divided by 2131041?
25
Calculate the remainder when 33134152 is divided by 4529.
4517
Calculate the remainder when 3511909 is divided by 1032.
13
What is the remainder when 21559448 is divided by 267?
266
Calculate the remainder when 1395867 is divided by 17.
14
What is the remainder when 37168319 is divided by 3360?
3359
Calculate the remainder when 630237 is divided by 35008.
93
What is the remainder when 810835 is divided by 955?
40
Calculate the remainder when 9509105 is divided by 709.
706
Calculate the remainder when 3917853 is divided by 1103.
1100
Calculate the remainder when 1322605 is divided by 440842.
79
Calculate the remainder